119 - f) a prime number?
True
Suppose 4*m + 3*t - 15 - 58 = 0, -m - 3*t + 25 = 0. Let l(v) = 6*v + 53. Is l(m) a prime number?
True
Let k be (-9 + 182/21)/(1/3). Is (5/(40/(-46)))/(k/12) prime?
False
Suppose -5*g + 1612 = -g. Let d = g - 180. Is d composite?
False
Let c be (-50)/(-8) - 1/4. Let b = 4 - c. Is 0 + 2 + b + 15 composite?
True
Let i = -26 - -29. Suppose -2216 = -i*h + 4*v, 3*v + 0*v - 717 = -h. Let q = h + -313. Is q composite?
False
Let m(p) be the second derivative of -137*p**3/6 - 11*p**2/2 + 9*p. Is m(-6) a prime number?
True
Suppose -29183 = -2*n + 3*z - 4*z, 4 = 4*z. Is n a composite number?
False
Suppose -2*a = -o - 3487 - 50870, -108711 = -4*a + 5*o. Is a a composite number?
False
Suppose 3*r = -5*j + 52, -r + j - 5*j = -29. Is -6*6/r - -1155 prime?
True
Let l(s) = s**2 - 7*s + 4. Let h be l(7). Let r(d) = 188*d - 1. Is r(h) composite?
False
Suppose -2*h = h. Suppose h = 2*b - 279 - 991. Is b a prime number?
False
Suppose -6*u - 981 = -2*q - 5*u, -q = -4*u - 487. Is q a prime number?
True
Let z = -132048 + 247841. Is z composite?
False
Let d(u) be the second derivative of 0 + 5/6*u**3 - 1/20*u**5 + u - 1/12*u**4 - 3*u**2. Is d(-5) composite?
True
Suppose -109925 = -5*g + 5*f, -g - 3*f = -2*f - 21989. Suppose -11*q = -2*q - g. Is q composite?
True
Let l(d) = 2*d**3 - 9*d**2 - 19*d - 9. Is l(12) prime?
False
Let u = 162 + -153. Let l(g) = 8*g - 21. Is l(u) a prime number?
False
Let u be (32/20 + -2)*-20415. Suppose -4*y + 4239 = 5*q - u, 2*y = -5*q + 12395. Is q a composite number?
False
Is 14072/(-12)*(18/(-4) + 3) a composite number?
False
Let t(y) = -y + 11. Let h be t(-9). Suppose -h = 4*w - 0*w. Is 1 - w/((-5)/(-706)) a composite number?
True
Is 7*6/21 - -2127 a composite number?
False
Suppose 5*g = -5*d + 152 + 288, -g + 76 = 4*d. Let k = 578 - g. Suppose 2*j = -l + 321, -k = -3*j + 5*l - 2*l. Is j prime?
False
Let z(j) = 18*j**2 - 16*j - 6. Let n be z(13). Suppose -5*r + n + 1817 = 0. Is r a composite number?
False
Is (4320 - -2)/(-10*(-5)/25) prime?
True
Let x be 2475/6 + (-5)/10. Suppose -u + x = 95. Is u composite?
False
Let a(r) = r**3 + 9*r**2 - 10*r + 3. Let x be a(-10). Is 3*(2084/x + 5) a prime number?
True
Suppose 2*m - 5*i = 3569, -3*m + 2*i + 2*i + 5343 = 0. Is m prime?
True
Let y(f) = 4*f**3 + f**2 - f - 15. Suppose -1 = -w, 4*s - 2*w + 0*w - 26 = 0. Is y(s) prime?
True
Let m be 52/((-740)/244 + 3). Let s = m + 3487. Is s a prime number?
True
Suppose 164 = 4*i + 6*v - v, -3*i - 5*v + 128 = 0. Let g = i + 201. Is g a prime number?
False
Let q(s) = 2*s - 22. Let o be q(11). Suppose 2*b = 0, o*g + g = 4*b + 4. Suppose 1905 = 7*l - g*l. Is l a composite number?
True
Suppose 83 = 7*h - 183. Suppose -r + 3*r - h = 0. Is r prime?
True
Suppose -g + 59372 = 4*i, -i - 5*g = 4952 - 19795. Is i composite?
False
Let g = -22 - -40. Suppose -20*a + 6 = -g*a. Suppose 8*c - a*c = 935. Is c prime?
False
Let k(t) = -290*t - 28. Let j be k(-4). Suppose -j - 395 = -3*z. Is z a composite number?
False
Suppose -1275 = -4*g - g. Is g + 5 - (1 - 0) a composite number?
True
Suppose 29 + 31 = 12*p. Suppose p*l + v - 13350 = 0, 2*l - v = -0*l + 5347. Is l prime?
True
Is (0 + 1)*83859/3 a prime number?
True
Let w(z) = z**3 - 17*z**2 + 47*z - 22. Is w(27) a prime number?
True
Let u(k) = 688*k + 2. Let h be u(-1). Let y be (h/(-4))/(5/10). Is y - (0 + -8)/(-4) a prime number?
False
Let l(v) be the second derivative of v**4/12 - v**2/2 - 7*v. Let b(q) = 27*q**2 + 3*q + 15. Let p(k) = b(k) - 4*l(k). Is p(6) prime?
False
Suppose 0 = -r - 6. Suppose -156 = -3*g - g. Let b = r + g. Is b composite?
True
Let t(u) be the second derivative of 31*u**5/30 + u**4/24 + 4*u**3/3 - 7*u. Let g(r) be the second derivative of t(r). Is g(3) a prime number?
True
Let l = 7566 + 12856. Is l composite?
True
Let d = 33329 - 22567. Is d a composite number?
True
Suppose -38*k = -87*k + 424487. Is k composite?
False
Let b(m) = 1470*m**3 + 2*m - 2*m**2 + 0 - 1 + 242*m**3. Let l be b(1). Suppose -4*x + 6*v - 3*v = -l, 4*v + 1712 = 4*x. Is x a composite number?
True
Suppose -3*n + 16 = 7. Suppose 3*g + 0*p - 3627 = n*p, 2409 = 2*g - 5*p. Suppose -3*l + 7*l - g = 0. Is l a composite number?
True
Suppose 10*u = -0*u + 36640. Let d = u + -1727. Is d composite?
True
Suppose -5*c + 20 = 2*o, 5*o - 26 = -3*c + o. Suppose 3*x - 2 = -4*n - n, -x = c*n. Is x composite?
True
Suppose 6 = 2*t - 0. Suppose r + t*n - 30 = 49, -n + 158 = 2*r. Is r a prime number?
True
Suppose -15*c = -2*x - 10*c + 472, 5*x + 5*c - 1250 = 0. Let n be 2 - 0 - 4/(-2). Suppose -n*s = -x - 86. Is s a prime number?
True
Let k(i) = 6*i**2 - 4*i - 11. Suppose 0 = l + 2*l - 15. Is k(l) a prime number?
False
Suppose 1227726 - 261787 = 67*y. Is y a prime number?
False
Let i be -1 + (-3)/3 - 8. Let d(g) = 2*g**2 + 14*g - 1. Is d(i) composite?
False
Is -6 + -148*4*-1 a composite number?
True
Suppose 13 = -14*i - 57. Let f be 2/(-3) - 82/(-6). Is (i/2)/(f/(-806)) a composite number?
True
Let m = -55 - -58. Let o be ((-4)/(-12))/(1/12). Suppose 3*h + h - m*r - 866 = 0, 5*r + 870 = o*h. Is h a prime number?
False
Let x(z) = 2*z + z - 5 - z**2 + z. Let t be x(4). Is (3 - 0) + t + 25 a composite number?
False
Let v = 80766 - 57347. Is v a composite number?
True
Suppose 0 = -8*q - 1057 + 5777. Let x = q - 108. Is x prime?
False
Let p(w) = -160*w + 73. Is p(-4) prime?
False
Let s be -32*((63/(-6))/3 - -3). Suppose s*u - 56251 + 20811 = 0. Is u composite?
True
Suppose -11 - 4 = -5*i. Suppose i*a = -a + 4676. Is a composite?
True
Suppose 615 = 5*t - 4*t. Suppose t = c + 2*c. Suppose 0 = -5*p + c + 240. Is p composite?
False
Let i(v) = -54*v + 9. Let l be i(18). Let p = 2098 + l. Is p composite?
True
Let d(x) = -x - 4. Let v be d(-7). Let y = v + -13. Let h = 17 + y. Is h a composite number?
False
Let r(g) = g**2 - 3*g + 3. Let a be r(3). Is 467/(a/(1 - -2)) composite?
False
Suppose 3*a - 11 = 7. Is 15537/33 + a/33 a composite number?
True
Let y = -9 - -14. Suppose 5*t - 2110 = -y*s, -s - 20 = 3*s. Is t prime?
False
Suppose -5*q + 6*q - f - 35640 = 0, -4*q - 3*f + 142553 = 0. Is q composite?
True
Let r = -1156 - -657. Suppose 0*i = -5*i - 3505. Let y = r - i. Is y composite?
True
Let p(o) = -3*o**3 - 6*o**2 - 25*o - 9. Let j be (1 + -8)/(3/(-6)*-2). Is p(j) a prime number?
False
Suppose 0 = -5*r - 32 - 28. Let b(g) be the second derivative of -g**3 - 7*g**2 + 213*g. Is b(r) prime?
False
Let k be 1/2*(839 + -25). Let w = 2730 + k. Is w a prime number?
True
Suppose 0*l + 6*l - 297987 = 3*j, -j = -3*l + 148992. Is l prime?
True
Let p be (-117)/(-4) + (-7)/28. Let r = p - -1230. Is r prime?
True
Suppose 2 + 48 = -5*z. Let x = -2 + z. Is (-4)/x*-1*-171 a composite number?
True
Suppose -50 = 2*q + 2*j, -2*q = 5*j + 31 + 31. Let c = q + 24. Is 865 - 0/(c + -6) composite?
True
Suppose -3 = -x, -2*q - 2*x = -7*q + 19829. Is q composite?
False
Let w(x) = 112*x**2 + 12*x + 19. Is w(8) prime?
True
Suppose 0 = 3*q - 7 - 20. Let g be (2 - -60)*q/6. Suppose -2*i + g = -89. Is i a composite number?
True
Let i(v) = -v**3 + 5*v**2 - 6*v. Let z be i(4). Let t(o) = o**2 + 8*o + 3. Let x be t(z). Suppose 0 = -x*q - b + 191, -4*q = -b - 10 - 254. Is q a prime number?
False
Let j = 26 + -13. Let h = j + -11. Suppose -v + 426 = h*v. Is v prime?
False
Let m(k) = 3*k**2 - 3*k - 2. Let s be m(2). Suppose -5*g - 3*v = -25, s*g - 12 - 6 = -2*v. Suppose -h = c - 206, -4*h + g*c = -649 - 193. Is h prime?
False
Let z(v) = 110*v + 4. Let d be z(12). Let y = -321 + d. Is y a composite number?
True
Let k(o) = -10*o**3 - 40*o**2 + 38*o + 11. Let v(q) = 13*q + 2*q**3 - 13*q**2 - 5*q**3 + 6 - 2. Let n(s) = -2*k(s) + 7*v(s). Is n(-13) a composite number?
False
Let o be (7 + -8)/((-1)/1918). Let f be (-1 + o/6)*-3. Is (-2)/10 - f/5 composite?
False
Let m(n) = -n**2 + 28. Let v be m(9). Let u = v - -214. Is u a prime number?
False
Is (-194780)/(-20) + (-8)/1 a composite number?
True
Suppose -l = -6*s + 5*s - 1331, 0 = 3*l - s - 3997. Suppose 2*h + w = l, 5*w + 1379 + 627 = 3*h. Is h composite?
True
Suppose 0 = -36*r - 24323 + 77279. Is r a composite number?
False
Let d be ((-16)/48)/((-1)/6). Let u be 4/(-6) - 2678/(-3). Suppose 2*t + d*t - u = 0. Is t a composite number?
False
Let n(d) = 6*d + 55. Let j be n(-8). Suppose 0 = 6*h - j*h + 113. Is h a prime 